36246791?
7, 37, 349, 401
List the prime factors of 115779079.
13, 23, 31, 12491
What are the prime factors of 4786578118?
2, 7, 341898437
List the prime factors of 677854288.
2, 2203, 19231
List the prime factors of 158794957.
89, 1784213
What are the prime factors of 9692875?
5, 77543
What are the prime factors of 545006911?
127, 1531, 2803
What are the prime factors of 182248989?
3, 13, 4673051
List the prime factors of 10722066.
2, 3, 1787011
What are the prime factors of 103160733?
3, 13, 59, 107, 419
What are the prime factors of 1093998098?
2, 937, 583777
List the prime factors of 426930016.
2, 31, 13883
List the prime factors of 37370137.
7, 809, 6599
What are the prime factors of 41746024?
2, 1091, 4783
List the prime factors of 705254695.
5, 141050939
List the prime factors of 44167827.
3, 11, 47, 28477
What are the prime factors of 469085211?
3, 7, 31, 181, 1327
List the prime factors of 15333483.
3, 11, 53, 797
List the prime factors of 22293555.
3, 5, 19, 23, 179
What are the prime factors of 7730300414?
2, 23, 168050009
What are the prime factors of 6638511?
3, 11, 201167
What are the prime factors of 1856656087?
11, 13, 47, 276247
What are the prime factors of 3168574215?
3, 5, 389, 543029
What are the prime factors of 4855240133?
137, 197, 179897
What are the prime factors of 4990348947?
3, 23311, 71359
What are the prime factors of 367368258?
2, 3, 61228043
What are the prime factors of 1393326587?
1393326587
What are the prime factors of 259568342?
2, 11, 17, 694033
List the prime factors of 42517242.
2, 3, 1009, 2341
What are the prime factors of 145909224?
2, 3, 2026517
What are the prime factors of 429650811?
3, 5304331
What are the prime factors of 315284476?
2, 13, 6063163
List the prime factors of 1096155972.
2, 3, 211, 144307
List the prime factors of 32736869.
11, 197, 15107
List the prime factors of 590513736.
2, 3, 24604739
List the prime factors of 205305368.
2, 41, 59, 103
What are the prime factors of 8654844?
2, 3, 11, 173, 379
What are the prime factors of 549631716?
2, 3, 61, 750863
List the prime factors of 18718849.
23, 813863
List the prime factors of 62897578.
2, 29, 109, 9949
List the prime factors of 159267460.
2, 5, 11, 31, 193
What are the prime factors of 9543672?
2, 3, 83, 1597
What are the prime factors of 357731706?
2, 3, 43, 1386557
What are the prime factors of 307825001?
11, 17, 67, 79, 311
List the prime factors of 1482557019.
3, 494185673
List the prime factors of 315577113.
3, 79, 1331549
List the prime factors of 23662313.
113, 209401
List the prime factors of 172609786.
2, 79, 827, 1321
List the prime factors of 434068460.
2, 5, 7, 37, 11971
What are the prime factors of 526516359?
3, 307, 571679
What are the prime factors of 9474252909?
3, 11, 43, 6676711
What are the prime factors of 4552638395?
5, 83, 293, 37441
List the prime factors of 52516332.
2, 3, 11, 17, 29, 269
What are the prime factors of 228730462?
2, 31, 73, 97, 521
What are the prime factors of 1129236482?
2, 11, 277, 185303
List the prime factors of 2155572328.
2, 7, 13, 23, 53, 347
List the prime factors of 304291342.
2, 827, 183973
What are the prime factors of 120866081?
7, 23, 750721
What are the prime factors of 1140454401?
3, 17, 41, 32083
List the prime factors of 47989812.
2, 3, 13, 307627
List the prime factors of 38569520.
2, 5, 11, 41, 1069
What are the prime factors of 18626413?
13, 1432801
What are the prime factors of 1837761333?
3, 521, 1175791
What are the prime factors of 32057673?
3, 29, 157, 2347
What are the prime factors of 929690102?
2, 11, 19, 139, 16001
List the prime factors of 181498739.
2711, 66949
List the prime factors of 347652755.
5, 31, 2242921
What are the prime factors of 1340803869?
3, 139, 269, 11953
What are the prime factors of 41624216?
2, 863, 6029
What are the prime factors of 62337216?
2, 3, 324673
What are the prime factors of 444337738?
2, 13, 17, 71, 14159
What are the prime factors of 7859030?
2, 5, 785903
What are the prime factors of 3019457017?
317, 9525101
List the prime factors of 49877174.
2, 277, 90031
List the prime factors of 13669428.
2, 3, 17, 37, 1811
List the prime factors of 468957341.
293, 1600537
List the prime factors of 4930773.
3, 1643591
List the prime factors of 243332184.
2, 3, 43, 235787
List the prime factors of 778377916.
2, 43, 283, 15991
List the prime factors of 37027486.
2, 18513743
What are the prime factors of 2792771?
2792771
What are the prime factors of 59898094?
2, 2417, 12391
List the prime factors of 3967836296.
2, 495979537
What are the prime factors of 349378050?
2, 3, 5, 7, 17, 23, 37
What are the prime factors of 276318641?
29, 449, 21221
List the prime factors of 172291050.
2, 3, 5, 19, 2239
List the prime factors of 4227071544.
2, 3, 58709327
List the prime factors of 5464070810.
2, 5, 11, 17, 109, 2437
List the prime factors of 1075233225.
3, 5, 11, 109, 1087
What are the prime factors of 280965081?
3, 93655027
What are the prime factors of 64865536?
2, 253381
List the prime factors of 470021826.
2, 3, 78336971
List the prime factors of 56925976.
2, 19, 239, 1567
List the prime factors of 1050876245.
5, 73, 1301, 2213
List the prime factors of 2796949.
2796949
List the prime factors of 2313455.
5, 23, 20117
List the prime factors of 1759312309.
1759312309
What are the prime factors of 27372648?
2, 3, 701, 1627
List the prime factors of 1239821612.
2, 631, 491213
What are the prime factors of 126393613?
8293, 15241
What are the prime factors of 11368228?
2, 1559, 1823
List the prime factors of 121178829.
3, 53, 137, 5563
What are the prime factors of 40222863?
3, 4469207
List the prime factors of 303214183.
139, 821, 2657
List the prime factors of 276001223.
8087, 34129
List the prime factors of 854231474.
2, 31, 41, 109, 3083
What are the prime factors of 4012471645?
5, 7, 13, 73, 107, 1129
List the prime factors of 427158011.
7, 151, 404123
What are the prime factors of 1686392967?
3, 7, 11472061
List the prime factors of 251500128.
2, 3, 11, 238163
List the prime factors of 78061725.
3, 5, 7, 5507
List the prime factors of 914926722.
2, 3, 19, 47, 170759
List the prime factors of 194277713.
7, 31, 37, 24197
List the prime factors of 66834844.
2, 149, 112139
List the prime factors of 2357056698.
2, 3, 17, 23, 967, 1039
What are the prime factors of 2372646127?
37, 5171, 12401
List the prime factors of 140995440.
2, 3, 5, 31, 6317
List the prime factors of 67104611.
7, 9586373
List the prime factors of 15131870.
2, 5, 13, 17, 41, 167
List the prime factors of 3310281.
3, 13, 9431
What are the prime factors of 593754467?
1657, 358331
What are the prime factors of 61192620?
2, 3, 5, 339959
List the prime factors of 112925761.
13, 1151, 7547
List the prime factors of 489884343.
3, 13, 83, 151339
List the prime factors of 91085234.
2, 101, 450917
List the prime factors of 887863600.
2, 5, 13, 113, 1511
What are the prime factors of 232641233?
11, 2081, 10163
List the prime factors of 6440012091.
3, 10601, 67499
What are the prime factors of 454086373?
13, 34929721
What are the prime factors of 4139615955?
3, 5, 1721, 160357
List the prime factors of 1168805583.
3, 11, 89, 109, 1217
List the prime factors of 38010998.
2, 467, 40697
What are the prime factors of 41476099?
7, 821, 1031
List the prime factors of 4837334513.
11, 17, 443, 58393
List the prime factors of 145085637.
3, 29, 1667651
What are the prime factors of 47915654?
2, 47, 509741
What are the prime factors of 15635299?
197, 79367
List the prime factors of 2128918145.
5, 127, 3352627
List the prime factors of 393268466.
2, 12841, 15313
List the prime factors of 143586011.
37, 197, 19699
What are the prime factors of 86161752?
2, 3, 37, 10781
What are the prime factors of 60004759?
47, 73, 17489
What are the prime factors of 2891712497?
3673, 787289
What are the prime factors of 550589778?
2, 3, 17, 23, 89, 293
List the prime factors of 410642107.
2441, 168227
List the prime factors of 8458931.
13, 61, 10667
List the prime factors of 87259766.
2, 11, 79, 50207
List the prime factors of 137818158.
2, 3, 22969693
List the prime factors of 528671781.
3, 11, 5340119
What are the prime factors of 1295256383?
1295256383
List the prime factors of 392520824.
2, 6691, 7333
List the 